hat is t(z)?
-1
Let t(h) = -5*h - 5*h + 4*h + 5*h. Let p(y) = -4*y + 8. Let a(x) = -3*x + 7. Let m(k) = -5*a(k) + 4*p(k). Let d(v) = -m(v) - 2*t(v). Give d(-5).
-12
Let w(x) = 3*x - 4. Let u(q) = q + 1. Let l(h) = -5*u(h) - w(h). Suppose -k + 2*k + 3 = 0, g = 4*k + 15. Let a be 1 + g/(-6)*4. Determine l(a).
7
Let v(k) = 4*k - 1 + 6 - 3*k. Suppose -5*q - 23 = -r, -4*r = -q + 6 - 22. Let x = 0 - q. Give v(x).
9
Let r(h) be the first derivative of h**2/2 + 1. Let y be r(2). Let n(m) = 4*m - y*m + 3 + m. Calculate n(-4).
-9
Let n(u) = 2 - 9*u + 2 + 2 + 6 + u**2. Calculate n(8).
4
Let l = 8 + -3. Let q(x) = -7*x**3 - 4*x**2 - 2*x + 3. Let j(m) = 4*m**3 + 2*m**2 + m - 2. Let r(k) = l*j(k) + 3*q(k). Calculate r(-2).
1
Let j(n) = n**3 - 4*n**2 - 3*n - 6. Let t = -17 - -22. Let r = 10 - t. Calculate j(r).
4
Let k = 50 - 55. Let l(s) = -s - 1. What is l(k)?
4
Let v(g) = 2*g. Let x(t) = t. Let k(f) = -v(f) - 3*x(f). Let r(c) = c**2 - 11*c + 12. Let w be r(10). What is k(w)?
-10
Let p(m) = -m**2 - 2*m - 2. Let c(i) be the third derivative of i**5/30 + i**4/8 + 2*i**3/3 - 5*i**2. Let x(o) = -2*c(o) - 5*p(o). Determine x(-4).
2
Let a(k) be the third derivative of k**5/60 - k**4/8 - k**3 + 2*k**2. Suppose -15*z + 17*z - 10 = 0. What is a(z)?
4
Let u(i) = -5*i**2. Let w(m) = -m**2. Let v(g) = -u(g) + 6*w(g). Let h(c) = -c**2 - c + 1. Let a(k) = -2*h(k) + v(k). Give a(-3).
1
Suppose 0 = 8*o - 6*o + 4. Let b be ((-5)/o)/(14/28). Let h(u) = -u**2 + 5*u - 4. Calculate h(b).
-4
Let d(w) = 4*w + 6. Let f(n) = n. Let p(o) = d(o) - 6*f(o). Suppose 3 + 12 = u. Suppose -3*x - u = -6*x. What is p(x)?
-4
Let f(w) = w**2 - 6*w - 10. Let r be f(8). Let s(x) = -2*x + 6. What is s(r)?
-6
Let c(u) = u**3 - 7*u**2 - 2*u + 6. Let n be c(7). Let o = n + 11. Suppose -o*p = 3 + 6. Let q(l) = -l**3 - 3*l**2 + 4. What is q(p)?
4
Let y(h) = -h**3 - 10*h**2 - 9*h - 11. Let f(i) = -i**3 - 13*i**2 - 9. Let c be f(-13). Calculate y(c).
-11
Let k = 15 - 20. Let n = 0 + k. Let z(o) = -o**2 - 3*o + 6. Determine z(n).
-4
Let q(r) = -r**2 - 29 - 28 + 56 - 6*r + 2*r. Let x = -7 - -4. Determine q(x).
2
Let f(i) be the second derivative of -i**4/12 - i**3/6 + i**2 - 33*i. Determine f(2).
-4
Let l be (1 - 1)/(1/1). Suppose l*z + 6 = -2*z. Let q(s) = -4*s**3 + 5*s + 1. Let k(j) = 3*j**3 + j**2 - 4*j - 1. Let y(f) = -3*k(f) - 2*q(f). Give y(z).
-5
Let g(f) = f**3 + f + f**3 - f**3 + 0*f**3. Let y(k) = k**3 + 5*k**2 + 8*k - 1. Let x(s) = -2*g(s) + y(s). Give x(6).
-1
Let j(t) = -5*t**3 + t**2 - 2*t + 1. Suppose 0 = -3*l - 3*f + 9, l + 5*f - 7 - 4 = 0. Suppose 6 = 5*g + l. Give j(g).
-5
Let l(s) be the third derivative of -s**6/120 - s**5/12 + 3*s**4/8 + 3*s**3/2 - 5*s**2. What is l(-6)?
-9
Let v(y) = 7*y + 2. Let m = -17 - -15. Determine v(m).
-12
Let b(y) = y - 4*y + 4*y + y**3 - 4*y + 6 - 6*y**2. What is b(6)?
-12
Let c(l) = -l**3 + 4*l**2 + 3*l - 6. Let u be 18/5 + (-60)/(-150). What is c(u)?
6
Let r(h) = -3*h - 5. Let s(b) = -11*b - 19. Let a(f) = 9*r(f) - 2*s(f). Let v(c) = -14*c - 20. Let l(j) = -17*a(j) + 6*v(j). Give l(6).
5
Let t(j) be the first derivative of 9*j**4/4 + j**2/2 - 32. Calculate t(1).
10
Let j be 3/9 + 15/9. Let q(h) = h**j + 4*h**2 - 1 - h**3 - 1 - 5. What is q(5)?
-7
Let q = 3 - 1. Let v(y) = -y**2 - 1 + 3*y + q*y**2 + y**2. Let w = -6 + 3. What is v(w)?
8
Let j(y) = 7*y + 4 - 2*y**2 + y**2 + 4 - 4. Calculate j(6).
10
Let w = -97/2 + 49. Let j(z) be the second derivative of w*z**2 + 1/12*z**4 + 0*z**3 + 0 + 2*z. What is j(-3)?
10
Suppose 5*l + 8 = -12. Let w(z) = z**3. Let k(x) be the first derivative of 5*x**4/4 + 5*x**3/3 - 7*x**2/2 - 3*x + 2. Let f(i) = l*w(i) + k(i). What is f(-6)?
3
Let m = -17 - -13. Let t(n) = -2*n - 3. Determine t(m).
5
Let k(c) = -3*c**3 - 11*c**2 - 8*c - 6 + 2*c**3 + 5*c**2. What is k(-5)?
9
Let y(f) = -f**2 + 5*f + 7. Let m be y(6). Let x(i) = -2*i - m + 2 - i. Give x(-1).
4
Suppose -5*k - 1 = -6. Let w(z) = z + 7. Let t be w(-5). Let n(j) = -3*j**t - 1 + 4*j + 0 - k - j**3. What is n(-4)?
-2
Let r(v) be the first derivative of -v**4/4 + v**3/3 + v**2 + 8. Suppose 2*d + 3*d = 10. Let i be (d/(-5))/((-1)/(-5)). What is r(i)?
8
Suppose 5 = 3*x - 4. Suppose -i = -2*i + x. Let w(z) = 3 + 3*z + 0*z + 2*z - 4*z + z**i - 4*z**2. Give w(3).
-3
Let l(n) = -n**3 - 1. Let x(k) = 1. Let p(s) = l(s) + x(s). Calculate p(0).
0
Let m(f) = -1 + 5*f + f**2 - 1 + 0*f**2. Let r(p) = -p**2 - 10*p + 6. Let i be r(-11). Give m(i).
-2
Let l(b) = -7*b + 1. Suppose 4*k = 3*i - 11, -15 = -8*k + 3*k - 2*i. Determine l(k).
-6
Let u(m) be the third derivative of -m**6/120 - m**5/30 - m**4/8 - 2*m**2. Let j(r) = -r**3 + 6*r**2 - 5*r - 2. Let g be j(5). Give u(g).
6
Let w(c) = -c**2 + 8*c - 8. Let k be w(1). Let n(p) = 3*p**3 - p**2 - 2*p - 1. Give n(k).
-3
Let m(t) = 6*t + 2. Let p(b) = b + 4. Let q be p(-6). Let v be 1*(q - -3)*-5. Let k(g) = -3*g - 1. Let l(n) = v*k(n) - 3*m(n). Give l(1).
-4
Let b(n) = 6 + 2 + 5*n + n**2 + 1 - 10. Let m(s) = s**2 - 5*s. Let d be m(3). Calculate b(d).
5
Let j(m) be the second derivative of -1/2*m**2 + 0 - 1/4*m**4 - 4/3*m**3 + m. Let i(v) = -7*v**2 - 17*v - 2. Let l(q) = -6*i(q) + 13*j(q). What is l(-1)?
4
Let z(o) = 2*o**2 + 7*o + 6. Suppose x = 2*x - 16. Let t be (12/8)/((-6)/x). Give z(t).
10
Let c = 13 - 10. Let o(r) be the first derivative of -1/2*r**2 + 1 - 1/3*r**c + 0*r + 3/2*r**4. Give o(-1).
-6
Let g(d) = -d**3 + 6*d**2 - 6*d - 4. Let y(j) = -j + 5. Let b be y(0). What is g(b)?
-9
Let i(s) = -s**3 - 7*s**2 + 10*s + 10. Let d(b) = -b**3 + b**2 + b + 7. Let l be d(3). Give i(l).
-6
Let i(g) = 3*g**3 - 7*g**2 + 6*g + 5. Let o(z) = z**3 - z**2 + 1. Let f(p) = i(p) - 4*o(p). Let t = -1 - -4. Suppose 0 = t*l - 0*l + 12. Give f(l).
-7
Let z(n) = 6 + 2 - 9 + n**3 - 3*n - 5*n + 6*n**2. Give z(-7).
6
Let y(h) = -h**2 + 5*h - 2. Let d be y(4). Let z(i) = 4*i - 4 - i - d*i. Calculate z(5).
1
Suppose 4*y - 8*y = 16. Let o(n) = -n**3 - 4*n**2 - 3. Determine o(y).
-3
Let o = -8 - -3. Let h = 2 + o. Let w(r) = -3*r - 4. Give w(h).
5
Suppose 3*t - t + 2*g + 2 = 0, 2*g = -3*t + 1. Let p(w) = t + 4 - 2 - w - 2. Determine p(-4).
7
Let t be 2*((-28)/8 + 3). Let b(u) = -2*u**2 - 2*u + 1. Let g(p) = p - 1. Let k(v) = t*b(v) - g(v). Suppose 5*y - 4 + 14 = 0. Calculate k(y).
6
Let i(d) be the second derivative of d**6/12 - d**5/60 + 3*d**2 + d. Let m(z) be the first derivative of i(z). What is m(1)?
9
Suppose -4*p + 9 = -7*p. Let t(y) = y**3 + 2*y**2 - 4*y - 4. What is t(p)?
-1
Let a be (1 + -1)/1*-1. Let l(r) = 3*r - 3 + a*r - r**2 - 4*r. Give l(0).
-3
Let w(n) be the second derivative of n**5/60 - n**4/8 + n**3/3 + 7*n. Let s(q) be the second derivative of w(q). Calculate s(4).
5
Suppose 0 = 15*m - 2*m - 52. Let i(u) = -u**3 + 5*u**2 - 4*u - 4. What is i(m)?
-4
Let l = 49 + -43. Let m(u) = -u + 9. Give m(l).
3
Let n(w) be the third derivative of w**5/60 + w**4/3 + w**3 - 2*w**2. Calculate n(-6).
-6
Let o be (6/(-4))/(12/(-16)). Let q be (o - 3)/(2 - 3). Let m(n) be the first derivative of -n**4 - n**3/3 - 1. Determine m(q).
-5
Let d(x) = x**2 + 1. Let s = 55 + -53. Calculate d(s).
5
Let n be -1*(2/1 + 1). Let c(z) = z - 7. Let f be (1/3)/((-2)/(-6)). Let t(h) = 1. Let p(y) = f*c(y) + 5*t(y). Determine p(n).
-5
Let l(k) = -k**2 + 8*k - 7. Suppose 4*j - 7 = 3*j. Let x = 9 + j. Let u = x - 11. Give l(u).
8
Let l(w) = 10*w - 5. Let f(i) = 19*i - 11. Let o(c) = -3*f(c) + 7*l(c). Determine o(2).
24
Let d(g) = g - g**2 - 6 + 10*g - 3*g - g. Suppose 4*h = -0*h - 12, -2*c - h + 9 = 0. Calculate d(c).
0
Let p be (3 + 1)/((-20)/(-10)). Let n(y) = p + y - 2 - 2. Determine n(2).
0
Let t(y) = -y**3 + 3*y**2 - 11*y + 8. Let j(o) = 2*o**3 - 5*o**2 + 23*o - 16. Let k(u) = -4*j(u) - 9*t(u). Give k(6).
-2
Let q(x) = -x**3 + 3*x**2 + 4*x. Let n be q(3). Suppose -n = -5*g + g. Let y = -2 + g. Let u(b) = 2*b + 1. What is u(y)?
3
Suppose 4*m - 7 = 9. Let t(u) = -u + 2. Let z(h) = -3*h + 5. Let f(y) = 5*t(y) - 2*z(y). Determine f(m).
4
Let t(y) be the second derivative of -1/6*y**3 - 1/2*y**2 + 4*y - 1/12*y**4 + 0 - 1/20*y**5. Calculate t(-2).
5
Suppose -f = -n + 3, 4*f + 14 - 6 = 3*n. Let p(y) = -y - 15*y**2 + 2*y + 8*y**2. Calculate p(f).
-6
Let x(a) = 3*a - 6 + 4 - 5*a + 2. Let h(f) = -f**3 + 3*f**2 - 2. Let i be h(3). Determine x(i).
4
Let y(s) = s**3 + 7*s**2 + 5*s - 6